 -21)?
12
Evaluate 15 + -1 + (4 - 9 - -11 - 4).
16
Evaluate -1 + 2 + (9 - 7) - (9 + 9).
-15
(-1 + -2 - 26) + (1 - -4 - -1)
-23
Evaluate (-5 - 0) + (24 - (-9 + (15 - -3))).
10
What is the value of -6 - -4 - (47 - 38)?
-11
What is the value of -8 + -4 + -2 + -4 + (10 - 11)?
-19
Evaluate (8 - (1 + -3)) + -1 - -14.
23
What is the value of 7 - (35 + -77 + 82)?
-33
Calculate -20 + (-27 - -21) + 26.
0
What is 1471 + -1500 + (-2 - (-1 + -16))?
-14
0 - ((6 - 3) + -3 - -5)
-5
Evaluate 56 + -33 - (3 - -19).
1
What is the value of -2 + 8 - (-4 + 10 + -7) - 8?
-1
What is 210 + -203 - (-1 + 2 - -9)?
-3
What is the value of (-7 - ((5 - 0) + -16)) + -13?
-9
(-1 - -1) + 12 + (-7 - (18 - 26))
13
18 - 10 - (1 - (-1 + -3))
3
Evaluate -8 + -5 + (7 - 17) + 5.
-18
Evaluate (-1 + -19 - -3) + 12 + 20 + -22.
-7
Evaluate -2 + 1 + -51 + -95 + 111.
-36
-16 + 10 + 7 - (39 - -3) - -7
-34
What is 2 + -15 + -1 + -12 - -7?
-19
(-10 - -23) + -7 + -27 + -4
-25
Evaluate -4 - (-2 + (-1 - -1)) - (3 + -1).
-4
What is the value of -101 + 87 - (-10 - 1)?
-3
Calculate 8 - (1 - (-4 - -6)).
9
What is -7 + 5 + -7 - (2 + -5 + 5)?
-11
13 + 3 + -3 - (-34 + 25) - 3
19
-2 + 8 + (-58 - -42)
-10
What is (3 - 1 - 3) + (-6 - -12)?
5
Calculate (-62 - -28 - -36) + (-1 + -2 - -1).
0
-5 - (33 + -77 - -20)
19
Calculate 12 + 7 + (-16 - -4).
7
What is 27 + (-16 + 54 - 32 - (1 + 2))?
30
Evaluate 1 - (-6 + 7 + 2) - -5.
3
Evaluate -27 - -23 - (-4 + -3 + 3 + 1).
-1
What is the value of -44 - (-18 + (8 - -2 - 5))?
-31
Calculate 4 + (-10 - (-4 - 3)).
1
471 - 453 - (1 + 17)
0
What is the value of 14 + -33 + 36 - 7?
10
What is -6 - (9 - (14 - 8) - (0 + 0))?
-9
What is the value of -6 + (1 - (-9 - -4 - 11))?
11
Calculate -11 - -12 - 3 - (-4 - 14).
16
What is -9 + (6 - -12) + 14?
23
Evaluate -9 + 0 + 24 + -17 + -10 + -5.
-17
Evaluate 10 + -36 - (14 + -36).
-4
What is the value of (-11 + 10 - -14) + -8?
5
What is the value of -6 - -7 - (-15 - -24)?
-8
What is the value of -13 + -2 - (14 + -9 + (10 - 14))?
-16
What is the value of 4 + 0 - (51 + -39)?
-8
Calculate -5 + (78 - 90) + (0 - 0).
-17
Evaluate 2 + 0 - ((-10 - (5 - 13)) + 4).
0
What is 14 - 34 - (17 - 21)?
-16
-14 + (-10 - 20) - -29
-15
Calculate 3 + 0 + (-4 - (5 + 2)).
-8
What is the value of (17 - 1) + 379 + -397?
-2
What is 3 - (1 + (-10 - 1) - -19)?
-6
Evaluate 23 + 16 + -31 - (1 - (-2 + 14)).
19
Calculate 12 - (6 + 3 + 2).
1
What is (10 - -2) + (33 - 16) + -7 + -11?
11
2 + 0 + 3 + (426 - 441)
-10
What is the value of (-201 - -190) + 5 + (2 + 0 - -3)?
-1
Calculate -38 - ((6 - (16 - -18)) + 19).
-29
Evaluate 8 - (-1 + -9 - (-16 - -11) - -7).
6
What is -3 + 16 + -359 + 313?
-33
What is 14 + -15 + (-21 - -14)?
-8
What is the value of 7 + 0 + -7 + -5?
-5
What is the value of 12 + 1 + -9 + 5 + -2 + -28?
-21
What is -6 - (0 + -16 - (-7 - -16))?
19
1 + 6 + 1 + (-1 - (7 - 8))
8
Calculate (-4 - 5) + 6 + (9 - 1) + -2.
3
-27 - -5 - (5 - 2 - 14)
-11
What is the value of -69 + (27 - -8) + 7?
-27
(6 - (2 + 8)) + 1 + -1 - 8
-12
Calculate (2 - -1) + (0 - -6) - (-92 + 117).
-16
What is (-17 - -16) + (3 - ((9 - 6) + 6))?
-7
What is the value of (-4 - 1) + -2 + -4 + (-20 - -27)?
-4
Calculate -3 - ((0 - 0) + -3 + (1 - 3)).
2
Evaluate (17 - 9 - 5) + -40.
-37
What is (-28 - -6 - (-2 + -11)) + (26 - -2)?
19
Calculate -4 + -10 + 3 + 18.
7
(14 - 5) + -1 + -3 + -24
-19
What is the value of 11 + -4 + -13 + 7 + 1 - 18?
-16
What is the value of (-288 - -298) + 6 + -2?
14
What is the value of 3 + 26 + -17 + 8 - -7?
27
What is the value of -11 - (-9 + (-1 - 21) + 2)?
18
-1 - 18 - (-673 - -680)
-26
What is the value of 1 + 0 + -8 - (-1397 + 1389)?
1
Evaluate ((-26 - (-3 - 8)) + 3 - -24) + -6.
6
What is 0 - -6 - (-70 + 32 + 18)?
26
1 + -1 + -17 + 30 + 6
19
What is the value of 13 - (23 - 23) - 15?
-2
Calculate 11 - -6 - (63 - (-8 + 27)).
-27
Evaluate -8 - (13 - (7 - -3)).
-11
(8 - 13 - 7) + 12
0
What is the value of (-9 - -6 - 4) + (-41 - -45)?
-3
Calculate (5 - (3 - 13)) + -7 + 11.
19
Evaluate 12 + -1 - (-30 - -46 - 24).
19
Evaluate (-16 - -6) + 1 + -2 - 0.
-11
What is the value of 3 + 16 + -2 + (-5 - -2) + -5?
9
What is the value of -15 + 36 + (2 - 3 - 6)?
14
What is the value of (6 - 11) + 107 + -105?
-3
What is 13 + (-38 - -13) + 22?
10
What is the value of -6 - 3 - ((-7 - (27 - 0)) + 8)?
17
What is (-19 - -1) + 73 + -86?
-31
What is 43 + -51 + 35 - 26?
1
Calculate 15 - 34 - -14 - (0 + 7).
-12
What is the value of 30 - ((11 - 0) + (-5 - 6))?
30
What is the value of -22 + 3 - (39 - 101 - -44)?
-1
Evaluate 2 + (2 - 0) - (46 + -30 - 15).
3
What is the value of -1 - (20 + -16 - 9 - -8)?
-4
Evaluate -8 + 16 + 2 + (-50 - -53).
13
Calculate -1 + 13 + -7 - 11.
-6
Calculate 8 + 0 + 2 + 7 - 9.
8
Calculate 11 + 10 + -15 - 5.
1
Evaluate -5 - (12 - (-11 + 13) - 27).
12
What is the value of 43 + -55 - (9 + 3)?
-24
What is 8 - (-8 - ((-28 - -6) + 7))?
1
12 + -28 + 6 - (-3 - (6 + -2))
-3
Evaluate -15 - (-36 - -29 - 20).
12
Evaluate -34 - (-33 + (-18 - -32)).
-15
Evaluate 15 + (33 - 19) + 0 + -13.
16
What is -5 + 0 - (62 + -59 - (7 - 3))?
-4
Calculate (6 - (0 - -11 - 4)) + -6 + -1.
-8
1 + (6 - -1) + -239 + 235
4
What is the value of (6 + 1 - (11 + -10)) + -183 + 179?
2
Calculate 2 + 23 + 310 + -334.
1
(31 - (49 - 22)) + 23
27
Calculate (-66 - (-54 - -21)) + 31.
-2
Calculate 9 - (-4 - (-21 - -9) - (-8 - -1)).
-6
Evaluate 402 + -403 + 7 + -2 + 3.
7
4 + 24 + -14 - 28
-14
What is (-19 - -37 - 11 - (3 - -1)) + -12?
-9
Calculate 11 + (-30 + 15 - 8).
-12
-30 - (3 + 1 - 12)
-22
What is the value of (11 - (5 - 3) - (83 + -83)) + -34?
-25
What is 24 + ((10 - -1) + -8 - (0 - -8))?
19
What is (27 - -11) + 14 + -23?
29
Evaluate (-40 - -18) + 4 - (-1 + (3 - 5)).
-15
Calculate 0 - 17 - (819 - 809).
-27
Calculate -26 - (-31 + (5 - -11)).
-11
Evaluate -53 - (32 + -16 - 45).
-24
What is (-6 - (4 + 2 + -6) - -4) + 15?
13
-10 + (2 + -4 + 4 + -2 - 2)
-12
Evaluate 38 + (-114 - -40) - 1.
-37
Calculate (-32 - (-12 - 16)) + (6 - -1) - 14.
-11
((2 - 2) + -1 - (-90 - -95)) + -18
-24
Calculate 1 - (26 + -16 - 8).
-1
Calculate 8 + 13 + (13 - 29).
5
What is the value of 2 + (7 - 3) - (121 - 128)?
13
What is the value of (9 - (-7 + 10 + 4)) + 11?
13
Evaluate 12 + -12 - 6 - ((-4 - 0) + -5).
3
What is the value of 36 - (-6 - (-15 - 13))?
14
What is the value of 15 + (16 - 20) + -9?
2
What is 2 - -1 - -1 - (1 - (19 - 13))?
9
Calculate 17 + (-20 - -2 - (17 - 28)).
10
31 + -1 + (5 - -4) + -14
25
What is (-30 - -2) + 1 + (24 - 7 - 11)?
-21
Calculate 907 + -888 + 20 + -1.
38
What is the value of (10 + -3 - (12 + -11 + 3)) + -1?
2
3 - -3 - (-39 + 56)
-11
What is -7 - (-10 + -36 + 20)?
19
What is the value of -16 + 20 + 1 + 2 + -3?
4
What is the value of 12 + -9 + 17 + -34?
-14
Evaluate ((8 - 0) + -5 - -1) + 10 + -13.
1
1 + -3 + 2 + -8 + (6 - 0)
-2
What is -10 - 8 - -15 - 5?
-8
Calculate (4 - 17 - -1 - -7) + 9.
4
(32 + -1 - (-90 + 105)) + -27
-11
(0 + 0 - -1) + (-3 - 1) + 1
-2
What is the value of (49 - 22) + -7 - 23?
-3
(2 - 0 - -1) + -1 + -4 + 7
5
-1 + 3 + 10 - (28 + -31 + -2)
17
What is the value of (-10 - 1) + -1 + (12 - 5 - 5)?
-10
What is the value of -30 + (-19 - -12) + 18 + -5?
-24
What is -2 - (1 + -2 + 0 + (-1 - -4))?
-4
-11 + (4 - (-7 + 1 + 17) - -1)
-17
What is the value of 44 - (27 + -10) - 14?
13
What is the value of 4 - (-20 - (-61 - -23))?
-14
0 + (1 - -12 - 6) - 17
-10
1 - (-10 - (-3 + 10 - 8))
10
What is 9 - (-6 + (4 - -15 - (20 + -10)))?
6
Evaluate -18 + -18 + 36 + -16.
-16
Calculate (130 - 114 - (15 + -1)) + -18.
-16
-2 + -6 + (-4 - -11) + 0
-1
What is 33 - ((-4 - -81) + -15)?
-29
What is the value of 6 + 3 + -3 + (5 - 4) + -1?
6
Calculate -11 + 19 + 2 + (-2 + 2 - 14).
-4
Evaluate (2 - 1) + (-6 - 5 - (26 + -30)).
-6
Evaluate (-14 - 2) + 141 + -139.
-14
What is (3 - 12 - (-15 - -7)) + 9?
8
Calculate 57 + -52 - (7 + -2 - (-2 + 4)).
2
What is 15 + (-3 + -33 - -17)?
-4
What is (29 - 8) + (0 - 3 - (-2 + -1))?
21
What is (-4 + -1 - (1 - -7 - 15)) + -13?
-11
What is the value of (33 - 3 - 60) + (-1 - -12)?
-19
What is (-13 + -5 - -42) + -18?
6
459 - 448 - (1 - -2)
8
Calculate 14 - (-4 + -5) - (-16 - -11).
28
Evaluate (2 - (14 - 4)) + 13.
5
Evaluate -9 + (15 - (34 + -1)).
-27
Evaluate (-5 - (-7 - (-3 + -6))) + 7 - 5.
-5
Calculate 17 + -14 - 3 - 11.
-11
Calculate -23 + 1 - (-4 - (5 + 0)).
-13
Calculate (156 - 159) + (2 - (0